c be -1*(1 + -3) + 5. Suppose a - 9 = c. What is the units digit of a?
6
Suppose t - 11 = -4*s, -3*s + 4 = t - 5. Suppose 4*o + 3*j = o, 4*o + s*j = 10. What is the units digit of o?
5
Let o = -80 + 126. What is the units digit of o?
6
Let u(c) = 6*c**3 - 8*c**2 - 12*c - 10. Let s(q) = -5*q**3 + 8*q**2 + 12*q + 9. Let j(t) = 5*s(t) + 4*u(t). What is the tens digit of j(9)?
3
Suppose -4*b = s + 9, -b = 3*s + s + 6. Let a = 21 + b. What is the units digit of a?
9
Let t = 10 + -5. Suppose -2*l + 5 = -5. Suppose 3*m - 13 + 5 = -l*h, -24 = -h + t*m. What is the units digit of h?
4
Let j(v) = -v**2 + v + 3. Let r(d) = 4*d - 1. Let n be r(1). Let m be j(n). What is the units digit of -20*m/(-2 - -8)?
0
Let n be 9 + (-1)/(-3)*3. Suppose 4*c - 3*a = 13, 4*c + 4*a - n = 10. Let o(s) = s**2 - 5*s + 5. What is the units digit of o(c)?
1
Suppose 7*d = 2*d + 5, 2*d - 12 = -5*a. Suppose -l - 48 = -3*m, -a*m + 2*l + 0*l + 32 = 0. What is the units digit of m?
6
Let h be (-3)/(-9) + 41/3. What is the units digit of (7/h)/((-1)/(-42))?
1
Let x = 2 + -3. Let c(z) = -4*z**3 + 2. Let d(q) = -q**3 - q + 1. Let n(r) = x*c(r) + 3*d(r). What is the units digit of n(2)?
3
Let d = -4 + 10. Suppose -2*r = 2*o - d, 2*r + 26 = 2*o - r. What is the units digit of o?
7
Suppose -3*s + 112 = l, 0*l + 4 = l. What is the units digit of s?
6
Let f(p) = p**2 - 9*p - 31. What is the tens digit of f(15)?
5
Let u(j) = j - 4 + 2 + 5*j. What is the units digit of u(3)?
6
Let n = 93 + -65. Let v = n + -17. What is the tens digit of v?
1
Suppose -2*u - 23 = -2*c - 9, 4*c - 12 = 0. Let j(n) = 9*n + 1. Let l be j(1). Let q = u + l. What is the units digit of q?
6
Suppose 2*a - 3*v = 15, 4*v - v + 15 = 4*a. Suppose -2*q - 6 = -2*g + 14, -5*g + 51 = -4*q. Suppose a = -2*p + 1 + g. What is the units digit of p?
6
Let l(p) = -p**2 - 2*p - 1. Let y(h) = -h**2 - 4*h - 3. Let c(u) = -5*l(u) + 2*y(u). What is the tens digit of c(2)?
1
Let t = -11 + 11. Let d(y) = y + 29. What is the units digit of d(t)?
9
Let c(g) be the first derivative of g**4/4 - g**3 + 3*g**2/2 - 2*g + 3. Let u = 1 - -2. What is the units digit of c(u)?
7
Let z be (6 - 1)/(-3 + 2). Suppose 3*q - t = -3*t - 2, 5*q = -4*t - 2. Let m = q - z. What is the units digit of m?
3
What is the units digit of 8/12 + (-40)/(-3)?
4
What is the tens digit of 228*(4/2 + -1)?
2
Let f = -112 + 160. What is the tens digit of f?
4
Let j be (0 - -3)*(-4)/(-6). Let y = -7 + j. Let r = 9 + y. What is the units digit of r?
4
Suppose 2*r = 7*r - 5. Suppose -17 = -2*q - r. Let k = -1 + q. What is the units digit of k?
7
Suppose 5*d = 75 + 40. What is the tens digit of d?
2
Suppose -3*m + 3 = 0, 0 = -2*f - 0*m - 2*m - 10. Let n(d) = d + 4. Let k be n(f). What is the units digit of 4*(-3 - 13/k)?
4
Let f(t) = -3*t**2 + 1. Let y = 4 - 3. Let s be f(y). Let l(q) = q**2. What is the units digit of l(s)?
4
Suppose 0 = -4*h + 97 + 11. Let r = 40 - h. What is the tens digit of r?
1
Let j(v) be the third derivative of v**6/120 - 2*v**5/15 + v**4/8 + 3*v**2. What is the units digit of j(8)?
4
Let f = -22 + 22. What is the units digit of (3 + f)/(11 - 10)?
3
Suppose -397 + 27 = -5*t. What is the tens digit of t?
7
Suppose -y + 3*i = -20, 0 = 3*y + 2*i + 2*i + 5. Let q = y - 2. Suppose -9 + q = -g. What is the units digit of g?
6
Let u(c) = -c**3 - 3*c**2. Let l be u(-3). Suppose -q + l + 4 = 0, 5*i = 2*q + 2. What is the units digit of i?
2
Let s(k) = 6*k - 48. What is the units digit of s(24)?
6
Suppose 280 = -4*f - 4*s + 1168, 4*f - 2*s - 894 = 0. What is the tens digit of f?
2
Let j be 0*(2/(-4) + 1). Suppose -32 = -3*d - n, j = -2*d - 3*d - n + 52. What is the units digit of d?
0
Suppose 8 = -o - 0*o. Let i(x) be the first derivative of -x**2/2 - 7*x + 2. What is the units digit of i(o)?
1
Let g(c) be the first derivative of c**5/20 - c**4/2 + c**3/3 + 3*c**2/2 - 4*c - 2. Let q(d) be the first derivative of g(d). What is the tens digit of q(6)?
1
Suppose 55 = y + 2. Suppose -5*i = -7 - y. What is the units digit of i?
2
Suppose 4*r + 5*v = 27, -r + 14 = r + 2*v. Let z = r - -1. What is the units digit of z?
9
Let h(z) = -z**2 - 26*z - 10. What is the tens digit of h(-11)?
5
Suppose -2*u + 7*u = -20. Let n = u - -9. Suppose 4*j = 2*b - 6*b + 8, n*b = 5*j. What is the units digit of j?
1
Let n = 72 + 9. What is the units digit of n?
1
Suppose -30 + 190 = 2*o. What is the units digit of o?
0
Let u = 523 + -218. What is the hundreds digit of u?
3
Let g = 167 + 12. What is the tens digit of g?
7
Suppose -5*o = -3*n - 15, n = -n. Let d(r) = r**3 + 6*r**2 - 9*r - 9. Let a be d(-7). Suppose -2*i - o = -a*i. What is the units digit of i?
1
Let u(l) be the second derivative of 7*l**4/12 - 2*l**3/3 - 3*l**2/2 + 2*l. What is the units digit of u(-2)?
3
Let t(w) be the first derivative of w**2/2 - 8*w - 1. Let p be t(5). Let u = -2 - p. What is the units digit of u?
1
Let o = 8 + -3. Let r be (4 - -1) + (-10)/o. Suppose r*g + 39 = 8*g - c, 4*g + 5*c = 37. What is the units digit of g?
8
Let w be ((-28)/70)/(2/(-20)). Suppose -3*s = -0*s - 5*v - 79, -3*v = -w*s + 120. What is the units digit of s?
3
What is the hundreds digit of -2*3/6 - -136?
1
Suppose 4*w = 82 + 22. What is the units digit of w?
6
Let q(i) be the third derivative of i**5/12 + i**3/6 + i**2. What is the units digit of q(-2)?
1
Let q = -6 - -29. Let l = q + -34. Let f = l - -26. What is the tens digit of f?
1
Suppose 7*j = 10*j - 636. What is the hundreds digit of j?
2
Let t = -26 - -41. Suppose -q - t = -35. What is the tens digit of q?
2
Suppose -z - 2*x = -3, -3*z - 5*x = -8*z + 15. Suppose -z*v - 161 = -10*v. What is the tens digit of v?
2
Suppose 0*p + 80 = a + 3*p, -5*p - 440 = -5*a. What is the tens digit of a?
8
What is the hundreds digit of 171 + -17 - (1 - 6)?
1
Let u = -6 + 8. What is the units digit of (3*-1)/(u/(-6))?
9
Let p(m) = -m + 8. Let t be p(8). Suppose -o - o + 42 = t. What is the tens digit of o?
2
Let u = -1 - -52. What is the tens digit of u?
5
Suppose f = 8 + 3. Let z = 17 - f. What is the units digit of z?
6
Suppose -4*p + 291 = 3*m - 80, -5*m + 292 = 3*p. What is the units digit of p?
9
Let f(t) = 8*t**2 - 2*t - 1. Let i = 0 + 18. Let l be 2/7 - i/14. What is the units digit of f(l)?
9
Let a(k) = k**2 + k + 53. What is the units digit of a(0)?
3
Let o be -5 + 2 + (-1)/(-1). Let r be (6/(-1) - o) + -1. Let y = r + 9. What is the units digit of y?
4
Let h = -78 - -144. What is the tens digit of h?
6
Let p be 6/10 - (-12)/5. Suppose -3*h = -p, -33 = -5*o + h + 36. What is the units digit of o?
4
Suppose -2 = -s + 1. Suppose 1 - 4 = -x, -9 = -2*w - x. Suppose 0 = -s*o + w + 6. What is the units digit of o?
3
What is the units digit of 12 + (-5)/(20/(-12))?
5
Suppose 2*s - 8 = 0, -142 = -2*r + 5*s - 2*s. What is the tens digit of r?
7
Let x = 3 - 6. What is the units digit of (-423)/(-27) + (-1)/x?
6
Suppose 0 = -2*x - 36 + 322. What is the units digit of x?
3
Let q = 525 - 307. What is the tens digit of q?
1
Suppose 0 = 2*q + 3*y + 4, -y - 4 = -4*q - 4*y. Suppose -q*o + 36 = -o. What is the units digit of o*(6/8 - 0)?
9
Let u = -42 - -105. What is the units digit of (6/(-9))/((-6)/u)?
7
Suppose d - 43 = 57. What is the units digit of d?
0
Let x be (-8)/(-6)*165/22. Suppose 8*q - x*q = -100. What is the units digit of q?
0
Suppose -q - 5*p = -17, q - p - 5 = -3*q. Let a be 0/(-2) + 31 + -1. Suppose -g + a = q*g. What is the units digit of g?
0
Suppose -f - 2 = -8. What is the units digit of (1/(-2))/(f/(-12))?
1
Suppose -5*g = 4*m - 105, 11 = -3*g - 2*m + 76. What is the tens digit of g?
2
Let n = -16 + 27. What is the units digit of n?
1
Suppose -5*n + 0 - 10 = 0. What is the units digit of (n/(-4))/((-1)/(-34))?
7
Let t be (12/21)/(4/14). Suppose t*i = 1 + 17. What is the units digit of i?
9
Suppose -8*u + 3 = -7*u. Suppose u = -3*b + 4*b. Suppose -v - 4 = -b*v. What is the units digit of v?
2
Suppose 6*o = 3*o. Let n be (0 - o)/(2/(-2)). Suppose n = 3*r + 2 - 14. What is the units digit of r?
4
Suppose -3*z + 7 = -2. Suppose -z*h = -h - 2. Suppose h - 19 = -2*x. What is the units digit of x?
9
Let y(n) = n - 3. Let c be y(6). Suppose c*d - 4*d = -29. What is the units digit of d?
9
Let u = -27 + 51. What is the units digit of u?
4
Let j be ((-1)/3)/(3/(-27)). Let z = 8 - j. W